{"id":24,"date":"2015-04-20T13:20:04","date_gmt":"2015-04-20T13:20:04","guid":{"rendered":"http:\/\/associacoes.beira.pt\/amcdrsantaeufemia\/?page_id=24"},"modified":"2020-11-02T16:14:51","modified_gmt":"2020-11-02T16:14:51","slug":"quem-somos","status":"publish","type":"page","link":"https:\/\/associacoes.beira.pt\/casapovobendada\/quem-somos\/","title":{"rendered":"Quem Somos"},"content":{"rendered":"<div  class='flex_column av-1vrlo-75ae2af8472bdf5b2e1e96365bea49c4 av_one_full  avia-builder-el-0  avia-builder-el-no-sibling  first flex_column_div  '     ><p>\n<style type=\"text\/css\" data-created_by=\"avia_inline_auto\" id=\"style-css-av-av_heading-8c8d24e6bc7307d54ac94ed555c4399f\">\n#top .av-special-heading.av-av_heading-8c8d24e6bc7307d54ac94ed555c4399f{\npadding-bottom:10px;\n}\nbody .av-special-heading.av-av_heading-8c8d24e6bc7307d54ac94ed555c4399f .av-special-heading-tag .heading-char{\nfont-size:25px;\n}\n.av-special-heading.av-av_heading-8c8d24e6bc7307d54ac94ed555c4399f .av-subheading{\nfont-size:15px;\n}\n<\/style>\n<div  class='av-special-heading av-av_heading-8c8d24e6bc7307d54ac94ed555c4399f av-special-heading-h2  avia-builder-el-1  el_before_av_textblock  avia-builder-el-first '><h2 class='av-special-heading-tag'  itemprop=\"headline\"  >Breve Historial da Associa\u00e7\u00e3o<\/h2><div class=\"special-heading-border\"><div class=\"special-heading-inner-border\"><\/div><\/div><\/div><br \/>\n<section  class='av_textblock_section av-atk-bbc21ce1af3150ffefa7faaf00c24446 '   itemscope=\"itemscope\" itemtype=\"https:\/\/schema.org\/CreativeWork\" ><div class='avia_textblock'  itemprop=\"text\" ><p style=\"text-align: justify\">Fundada no ano de 1939, a Casa do Povo de Bendada, sediada na Freguesia de Bendada, concelho de Sabugal, alargou os seus servi\u00e7os \u00e0 popula\u00e7\u00e3o em 1988, com a cria\u00e7\u00e3o do Centro de Dia e Servi\u00e7o de Apoio Domicili\u00e1rio St\u00aa Luzia e, \u00e9, desde 2009, uma Institui\u00e7\u00e3o Particular de Solidariedade Social (IPSS) cujo principal objetivo \u00e9 apoiar, proteger e, promover o bem-estar e a qualidade de vida dos cidad\u00e3os na velhice, suas fam\u00edlias e, comunidade.<\/p>\n<p style=\"text-align: justify\">Para al\u00e9m do bem-estar e qualidade de vida proporcionados na val\u00eancia de Estrutura Residencial para Pessoas Idosas (E.R.P.I.\/Resid\u00eancia Permanente), f\u00e1-lo tamb\u00e9m, nas val\u00eancias de Centro de Dia (CD) e Servi\u00e7o de Apoio ao Domic\u00edlio (SAD).<\/p>\n<p style=\"text-align: justify\">Constitu\u00edda por uma equipa de profissionais dedicados, desde as Ajudantes de A\u00e7\u00e3o direta; Ajudantes de limpeza; Animadora sociocultural; Assistente Social; Enfermeira e Fisioterapeuta, a Casa do Povo procura chegar a toda a comunidade, contribuindo assim para o cumprimento moral dos direitos sociais.<\/p>\n<\/div><\/section><\/p><\/div>\n","protected":false},"excerpt":{"rendered":"","protected":false},"author":3,"featured_media":0,"parent":0,"menu_order":0,"comment_status":"closed","ping_status":"closed","template":"","meta":{"_acf_changed":false,"footnotes":""},"class_list":["post-24","page","type-page","status-publish","hentry"],"acf":[],"_links":{"self":[{"href":"https:\/\/associacoes.beira.pt\/casapovobendada\/wp-json\/wp\/v2\/pages\/24","targetHints":{"allow":["GET"]}}],"collection":[{"href":"https:\/\/associacoes.beira.pt\/casapovobendada\/wp-json\/wp\/v2\/pages"}],"about":[{"href":"https:\/\/associacoes.beira.pt\/casapovobendada\/wp-json\/wp\/v2\/types\/page"}],"author":[{"embeddable":true,"href":"https:\/\/associacoes.beira.pt\/casapovobendada\/wp-json\/wp\/v2\/users\/3"}],"replies":[{"embeddable":true,"href":"https:\/\/associacoes.beira.pt\/casapovobendada\/wp-json\/wp\/v2\/comments?post=24"}],"version-history":[{"count":0,"href":"https:\/\/associacoes.beira.pt\/casapovobendada\/wp-json\/wp\/v2\/pages\/24\/revisions"}],"wp:attachment":[{"href":"https:\/\/associacoes.beira.pt\/casapovobendada\/wp-json\/wp\/v2\/media?parent=24"}],"curies":[{"name":"wp","href":"https:\/\/api.w.org\/{rel}","templated":true}]}}