{"id":487,"date":"2020-11-05T16:58:34","date_gmt":"2020-11-05T16:58:34","guid":{"rendered":"https:\/\/associacoes.beira.pt\/casapovobendada\/?page_id=487"},"modified":"2020-11-05T16:58:34","modified_gmt":"2020-11-05T16:58:34","slug":"servico-de-apoio-domiciliario","status":"publish","type":"page","link":"https:\/\/associacoes.beira.pt\/casapovobendada\/servico-de-apoio-domiciliario\/","title":{"rendered":"Servi\u00e7o de Apoio Domicili\u00e1rio"},"content":{"rendered":"\n<style type=\"text\/css\" data-created_by=\"avia_inline_auto\" id=\"style-css-av-av_one_full-79ff81c021393065cee878051452f6a6\">\n.flex_column.av-av_one_full-79ff81c021393065cee878051452f6a6{\n-webkit-border-radius:0px 0px 0px 0px;\n-moz-border-radius:0px 0px 0px 0px;\nborder-radius:0px 0px 0px 0px;\npadding:0px 0px 0px 0px;\n}\n<\/style>\n<div  class='flex_column av-av_one_full-79ff81c021393065cee878051452f6a6 av_one_full  avia-builder-el-0  el_before_av_gallery  avia-builder-el-first  first flex_column_div av-zero-column-padding  '     ><section  class='av_textblock_section av-kh52od9x-2235979288da68d611e86660c555581d '   itemscope=\"itemscope\" itemtype=\"https:\/\/schema.org\/CreativeWork\" ><div class='avia_textblock'  itemprop=\"text\" ><p style=\"text-align: justify\">Os nossos Servi\u00e7os de Apoio ao Domic\u00edlio constituem uma Resposta Social organizada em que se auxilia pessoas em situa\u00e7\u00e3o de depend\u00eancia, de modo a que estas vejam satisfeitas as suas necessidades b\u00e1sicas e\/ou espec\u00edficas no seu meio habitual de vida, rodeados dos seus pertences e afetos.<\/p>\n<p style=\"text-align: justify\">Os nossos servi\u00e7os incluem a desloca\u00e7\u00e3o \u00e0 casa dos utentes, para a higieniza\u00e7\u00e3o da habita\u00e7\u00e3o, cuidados de higiene pessoal, alimenta\u00e7\u00e3o, tratamento de roupa e outros servi\u00e7os.<\/p>\n<\/div><\/section><\/div>\n<style type=\"text\/css\" data-created_by=\"avia_inline_auto\" id=\"style-css-av-kh52pl18-66db097d5b610ab2a2b274e6e61aa9a8\">\n#top .avia-gallery.av-kh52pl18-66db097d5b610ab2a2b274e6e61aa9a8 .avia-gallery-thumb a{\nwidth:20%;\n}\n<\/style>\n<div  class='avia-gallery av-kh52pl18-66db097d5b610ab2a2b274e6e61aa9a8 avia_animate_when_visible  avia-builder-el-2  el_after_av_one_full  avia-builder-el-last  avia_lazyload av-slideshow-ui av-loop-manual-endless av-control-hidden av-navigate-arrows av-navigate-dots hover-effect av-control-hidden avia-gallery-animate avia-gallery-1'  itemprop=\"image\" itemscope=\"itemscope\" itemtype=\"https:\/\/schema.org\/ImageObject\" ><meta itemprop=\"contentURL\" content=\"https:\/\/associacoes.beira.pt\/casapovobendada\/servico-de-apoio-domiciliario\/\"><a class='avia-gallery-big fakeLightbox lightbox avia-gallery-big-crop-thumb ' href=\"https:\/\/associacoes.beira.pt\/casapovobendada\/wp-content\/uploads\/sites\/25\/2020\/11\/img4.jpg\" data-srcset=\"https:\/\/associacoes.beira.pt\/casapovobendada\/wp-content\/uploads\/sites\/25\/2020\/11\/img4.jpg 409w, https:\/\/associacoes.beira.pt\/casapovobendada\/wp-content\/uploads\/sites\/25\/2020\/11\/img4-258x300.jpg 258w\" data-sizes=\"(max-width: 409px) 100vw, 409px\"  data-onclick='1' title='img4' ><span class='avia-gallery-big-inner'  itemprop=\"thumbnailUrl\" ><img decoding=\"async\" class=\"wp-image-489 avia-img-lazy-loading-not-489\"  width=\"495\" height=\"400\" src=\"https:\/\/associacoes.beira.pt\/casapovobendada\/wp-content\/uploads\/sites\/25\/2020\/11\/img4-495x400.jpg\" title='img4' alt='' srcset=\"https:\/\/associacoes.beira.pt\/casapovobendada\/wp-content\/uploads\/sites\/25\/2020\/11\/img4-495x400.jpg 495w, https:\/\/associacoes.beira.pt\/casapovobendada\/wp-content\/uploads\/sites\/25\/2020\/11\/img4-845x684.jpg 845w\" sizes=\"(max-width: 495px) 100vw, 495px\" \/><\/span><\/a><div class='avia-gallery-thumb'><a href=\"https:\/\/associacoes.beira.pt\/casapovobendada\/wp-content\/uploads\/sites\/25\/2020\/11\/img4.jpg\" data-srcset=\"https:\/\/associacoes.beira.pt\/casapovobendada\/wp-content\/uploads\/sites\/25\/2020\/11\/img4.jpg 409w, https:\/\/associacoes.beira.pt\/casapovobendada\/wp-content\/uploads\/sites\/25\/2020\/11\/img4-258x300.jpg 258w\" data-sizes=\"(max-width: 409px) 100vw, 409px\" data-rel='gallery-1' data-prev-img='https:\/\/associacoes.beira.pt\/casapovobendada\/wp-content\/uploads\/sites\/25\/2020\/11\/img4-495x400.jpg' class='first_thumb lightbox ' data-onclick='1' title='img4'  itemprop=\"thumbnailUrl\"  ><img decoding=\"async\" class=\"wp-image-489 avia-img-lazy-loading-not-489\"   src=\"https:\/\/associacoes.beira.pt\/casapovobendada\/wp-content\/uploads\/sites\/25\/2020\/11\/img4-180x180.jpg\" width=\"180\" height=\"180\"  title='img4' alt='' srcset=\"https:\/\/associacoes.beira.pt\/casapovobendada\/wp-content\/uploads\/sites\/25\/2020\/11\/img4-180x180.jpg 180w, https:\/\/associacoes.beira.pt\/casapovobendada\/wp-content\/uploads\/sites\/25\/2020\/11\/img4-80x80.jpg 80w, https:\/\/associacoes.beira.pt\/casapovobendada\/wp-content\/uploads\/sites\/25\/2020\/11\/img4-36x36.jpg 36w\" sizes=\"(max-width: 180px) 100vw, 180px\" \/><div class='big-prev-fake'><img loading=\"lazy\" decoding=\"async\" class=\"wp-image-489 avia-img-lazy-loading-489\"  width=\"495\" height=\"400\" src=\"https:\/\/associacoes.beira.pt\/casapovobendada\/wp-content\/uploads\/sites\/25\/2020\/11\/img4-495x400.jpg\" title='img4' alt='' srcset=\"https:\/\/associacoes.beira.pt\/casapovobendada\/wp-content\/uploads\/sites\/25\/2020\/11\/img4-495x400.jpg 495w, https:\/\/associacoes.beira.pt\/casapovobendada\/wp-content\/uploads\/sites\/25\/2020\/11\/img4-845x684.jpg 845w\" sizes=\"auto, (max-width: 495px) 100vw, 495px\" \/><\/div><\/a><a href=\"https:\/\/associacoes.beira.pt\/casapovobendada\/wp-content\/uploads\/sites\/25\/2020\/11\/img3.jpg\" data-srcset=\"https:\/\/associacoes.beira.pt\/casapovobendada\/wp-content\/uploads\/sites\/25\/2020\/11\/img3.jpg 409w, https:\/\/associacoes.beira.pt\/casapovobendada\/wp-content\/uploads\/sites\/25\/2020\/11\/img3-258x300.jpg 258w\" data-sizes=\"(max-width: 409px) 100vw, 409px\" data-rel='gallery-1' data-prev-img='https:\/\/associacoes.beira.pt\/casapovobendada\/wp-content\/uploads\/sites\/25\/2020\/11\/img3-495x400.jpg' class='lightbox ' data-onclick='2' title='img3'  itemprop=\"thumbnailUrl\"  ><img decoding=\"async\" class=\"wp-image-488 avia-img-lazy-loading-not-488\"   src=\"https:\/\/associacoes.beira.pt\/casapovobendada\/wp-content\/uploads\/sites\/25\/2020\/11\/img3-180x180.jpg\" width=\"180\" height=\"180\"  title='img3' alt='' srcset=\"https:\/\/associacoes.beira.pt\/casapovobendada\/wp-content\/uploads\/sites\/25\/2020\/11\/img3-180x180.jpg 180w, https:\/\/associacoes.beira.pt\/casapovobendada\/wp-content\/uploads\/sites\/25\/2020\/11\/img3-80x80.jpg 80w, https:\/\/associacoes.beira.pt\/casapovobendada\/wp-content\/uploads\/sites\/25\/2020\/11\/img3-36x36.jpg 36w\" sizes=\"(max-width: 180px) 100vw, 180px\" \/><div class='big-prev-fake'><img loading=\"lazy\" decoding=\"async\" class=\"wp-image-488 avia-img-lazy-loading-488\"  width=\"495\" height=\"400\" src=\"https:\/\/associacoes.beira.pt\/casapovobendada\/wp-content\/uploads\/sites\/25\/2020\/11\/img3-495x400.jpg\" title='img3' alt='' srcset=\"https:\/\/associacoes.beira.pt\/casapovobendada\/wp-content\/uploads\/sites\/25\/2020\/11\/img3-495x400.jpg 495w, https:\/\/associacoes.beira.pt\/casapovobendada\/wp-content\/uploads\/sites\/25\/2020\/11\/img3-845x684.jpg 845w\" sizes=\"auto, (max-width: 495px) 100vw, 495px\" \/><\/div><\/a><\/div><\/div><\/p>\n","protected":false},"excerpt":{"rendered":"","protected":false},"author":16,"featured_media":0,"parent":0,"menu_order":0,"comment_status":"closed","ping_status":"closed","template":"","meta":{"_acf_changed":false,"footnotes":""},"class_list":["post-487","page","type-page","status-publish","hentry"],"acf":[],"_links":{"self":[{"href":"https:\/\/associacoes.beira.pt\/casapovobendada\/wp-json\/wp\/v2\/pages\/487","targetHints":{"allow":["GET"]}}],"collection":[{"href":"https:\/\/associacoes.beira.pt\/casapovobendada\/wp-json\/wp\/v2\/pages"}],"about":[{"href":"https:\/\/associacoes.beira.pt\/casapovobendada\/wp-json\/wp\/v2\/types\/page"}],"author":[{"embeddable":true,"href":"https:\/\/associacoes.beira.pt\/casapovobendada\/wp-json\/wp\/v2\/users\/16"}],"replies":[{"embeddable":true,"href":"https:\/\/associacoes.beira.pt\/casapovobendada\/wp-json\/wp\/v2\/comments?post=487"}],"version-history":[{"count":0,"href":"https:\/\/associacoes.beira.pt\/casapovobendada\/wp-json\/wp\/v2\/pages\/487\/revisions"}],"wp:attachment":[{"href":"https:\/\/associacoes.beira.pt\/casapovobendada\/wp-json\/wp\/v2\/media?parent=487"}],"curies":[{"name":"wp","href":"https:\/\/api.w.org\/{rel}","templated":true}]}}