{"id":2,"date":"2015-04-20T10:03:11","date_gmt":"2015-04-20T10:03:11","guid":{"rendered":"http:\/\/associacoes.beira.pt\/amcdrsantaeufemia\/?page_id=2"},"modified":"2021-04-07T13:22:33","modified_gmt":"2021-04-07T13:22:33","slug":"pagina-exemplo","status":"publish","type":"page","link":"https:\/\/associacoes.beira.pt\/cdlsantanadazinha\/","title":{"rendered":"P\u00e1gina Principal"},"content":{"rendered":"<div id='layer_slider_1'  class='avia-layerslider main_color avia-shadow  avia-builder-el-0  el_before_av_section  avia-builder-el-first  container_wrap sidebar_right'  style='height: 511px;'  ><\/div>\n<div id='av_section_1'  class='avia-section av-12tiw-1834b1eeffcf05a2e2c854e1eeaa4208 main_color avia-section-default avia-no-shadow  avia-builder-el-1  el_after_av_layerslider  el_before_av_one_full  avia-bg-style-scroll container_wrap sidebar_right'  ><div class='container av-section-cont-open' ><div class='template-page content  av-content-small alpha units'><div class='post-entry post-entry-type-page post-entry-2'><div class='entry-content-wrapper clearfix'>\n\n<\/div><\/div><\/div><!-- close content main div --><\/div><\/div><div id='after_section_1'  class='main_color av_default_container_wrap container_wrap sidebar_right'  ><div class='container av-section-cont-open' ><div class='template-page content  av-content-small alpha units'><div class='post-entry post-entry-type-page post-entry-2'><div class='entry-content-wrapper clearfix'>\n<div  class='flex_column av-yrva-4b21ae6dc1e8d265e5698adfa88c0bde av_one_full  avia-builder-el-3  el_after_av_section  el_before_av_section  avia-builder-el-no-sibling  first flex_column_div  '     ><section  class='av_textblock_section av-xh70-d175b508c3182086929366fff5bd5def '   itemscope=\"itemscope\" itemtype=\"https:\/\/schema.org\/CreativeWork\" ><div class='avia_textblock'  itemprop=\"text\" ><h2>Descri\u00e7\u00e3o Entidade<\/h2>\n<\/div><\/section><br \/>\n<section  class='av_textblock_section av-uzes-3db5a4d754a756312bbc9b7478a9aa5b '   itemscope=\"itemscope\" itemtype=\"https:\/\/schema.org\/CreativeWork\" ><div class='avia_textblock'  itemprop=\"text\" ><p style=\"text-align: justify\">O Centro de Dia e Lar de Santa Ana de Azinha, \u00e9 uma Institui\u00e7\u00e3o Particular de Solidariedade Social, pessoa coletiva n\u00ba 502940344 com sede em Santana da Azinha.<\/p>\n<p style=\"text-align: justify\">O seu objetivo inicial consistiu na cria\u00e7\u00e3o de um Centro de Dia que permitisse dar apoio a pessoas idosas e pessoas carenciadas da Freguesia de Santana da Azinha e zonas lim\u00edtrofes.<\/p>\n<p style=\"text-align: justify\">Atualmente, a Institui\u00e7\u00e3o desenvolve atividades sobretudo de apoio \u00e0 terceira idade, mas tamb\u00e9m direcionadas para pessoas desfavorecidas ou em situa\u00e7\u00e3o de isolamento social do Concelho da Guarda contando atualmente, com as Val\u00eancias de ERPI, CD e SAD.<\/p>\n<\/div><\/section><\/p><\/div><\/div><\/div><\/div><!-- close content main div --><\/div><\/div><div id='av_section_2'  class='avia-section av-skok-702e513c679b9cbee207010f142813d1 main_color avia-section-default avia-shadow  avia-builder-el-6  el_after_av_one_full  el_before_av_section  avia-bg-style-scroll container_wrap sidebar_right'  ><div class='container av-section-cont-open' ><div class='template-page content  av-content-small alpha units'><div class='post-entry post-entry-type-page post-entry-2'><div class='entry-content-wrapper clearfix'>\n<div  class='flex_column av-q6qy-1b754647b40ab5c23c789f5de05d37d3 av_one_fifth  avia-builder-el-7  el_before_av_one_fifth  avia-builder-el-first  first flex_column_div  '     ><style type=\"text\/css\" data-created_by=\"avia_inline_auto\" id=\"style-css-av-omx8-3e31667049602d721a504eb6dd5bb776\">\n.av_font_icon.av-omx8-3e31667049602d721a504eb6dd5bb776{\ncolor:#6786a1;\nborder-color:#6786a1;\n}\n.av_font_icon.av-omx8-3e31667049602d721a504eb6dd5bb776 .av-icon-char{\nfont-size:40px;\nline-height:40px;\nwidth:40px;\n}\n<\/style>\n<span  class='av_font_icon av-omx8-3e31667049602d721a504eb6dd5bb776 avia_animate_when_visible av-icon-style-border avia-icon-pos-center avia-icon-animate'><a href='https:\/\/associacoes.beira.pt\/cdlsantanadazinha\/quem-somos\/'  class='av-icon-char' aria-hidden='true' data-av_icon='\ue840' data-av_iconfont='entypo-fontello' ><\/a><span class='av_icon_caption av-special-font'>Quem Somos<\/span><\/span><\/div><div  class='flex_column av-mb8g-59c0bfee278ce533201f5764ff1849c1 av_one_fifth  avia-builder-el-9  el_after_av_one_fifth  el_before_av_one_fifth  flex_column_div  '     ><style type=\"text\/css\" data-created_by=\"avia_inline_auto\" id=\"style-css-av-k08y-64a1a87db7962b15c92a596fa9cbc507\">\n.av_font_icon.av-k08y-64a1a87db7962b15c92a596fa9cbc507{\ncolor:#6786a1;\nborder-color:#6786a1;\n}\n.av_font_icon.av-k08y-64a1a87db7962b15c92a596fa9cbc507 .av-icon-char{\nfont-size:40px;\nline-height:40px;\nwidth:40px;\n}\n<\/style>\n<span  class='av_font_icon av-k08y-64a1a87db7962b15c92a596fa9cbc507 avia_animate_when_visible av-icon-style-border avia-icon-pos-center avia-icon-animate'><a href='https:\/\/associacoes.beira.pt\/cdlsantanadazinha\/contactos\/'  class='av-icon-char' aria-hidden='true' data-av_icon='\ue854' data-av_iconfont='entypo-fontello' ><\/a><span class='av_icon_caption av-special-font'>Contactos<\/span><\/span><\/div><div  class='flex_column av-i1mg-7c2b848ed2ded420f4894ba0018e17bb av_one_fifth  avia-builder-el-11  el_after_av_one_fifth  el_before_av_one_fifth  flex_column_div  '     ><style type=\"text\/css\" data-created_by=\"avia_inline_auto\" id=\"style-css-av-1jjs-711afb4bc3c8073058345a6063723447\">\n.av_font_icon.av-1jjs-711afb4bc3c8073058345a6063723447{\ncolor:#476dc6;\nborder-color:#476dc6;\n}\n.av_font_icon.av-1jjs-711afb4bc3c8073058345a6063723447 .av-icon-char{\nfont-size:40px;\nline-height:40px;\nwidth:40px;\n}\n<\/style>\n<span  class='av_font_icon av-1jjs-711afb4bc3c8073058345a6063723447 avia_animate_when_visible av-icon-style-border avia-icon-pos-center avia-icon-animate'><a href='https:\/\/associacoes.beira.pt\/cdlsantanadazinha\/documentos\/atas-dos-orgaos-colegiais\/'  class='av-icon-char' aria-hidden='true' data-av_icon='\ue80b' data-av_iconfont='entypo-fontello' ><\/a><span class='av_icon_caption av-special-font'>Atas<\/span><\/span><\/div><div  class='flex_column av-e562-4fa31dcf2d4fc8a9c8dd726c0f6fa513 av_one_fifth  avia-builder-el-13  el_after_av_one_fifth  el_before_av_one_fifth  flex_column_div  '     ><style type=\"text\/css\" data-created_by=\"avia_inline_auto\" id=\"style-css-av-b196-16fdf5bbd9966f8d0aa48683b57dcad8\">\n.av_font_icon.av-b196-16fdf5bbd9966f8d0aa48683b57dcad8{\ncolor:#476dc6;\nborder-color:#476dc6;\n}\n.av_font_icon.av-b196-16fdf5bbd9966f8d0aa48683b57dcad8 .av-icon-char{\nfont-size:40px;\nline-height:40px;\nwidth:40px;\n}\n<\/style>\n<span  class='av_font_icon av-b196-16fdf5bbd9966f8d0aa48683b57dcad8 avia_animate_when_visible av-icon-style-border avia-icon-pos-center avia-icon-animate'><a href='https:\/\/associacoes.beira.pt\/cdlsantanadazinha\/documentos\/balancos\/'  class='av-icon-char' aria-hidden='true' data-av_icon='\ue8d1' data-av_iconfont='entypo-fontello' ><\/a><span class='av_icon_caption av-special-font'>Balan\u00e7os<\/span><\/span><\/div><div  class='flex_column av-9j2w-5274ca487dbd5a62449f1876136658aa av_one_fifth  avia-builder-el-15  el_after_av_one_fifth  avia-builder-el-last  flex_column_div  '     ><style type=\"text\/css\" data-created_by=\"avia_inline_auto\" id=\"style-css-av-71jk-180f6713cd624ff956c27ff8b06d06a0\">\n.av_font_icon.av-71jk-180f6713cd624ff956c27ff8b06d06a0{\ncolor:#476dc6;\nborder-color:#476dc6;\n}\n.av_font_icon.av-71jk-180f6713cd624ff956c27ff8b06d06a0 .av-icon-char{\nfont-size:40px;\nline-height:40px;\nwidth:40px;\n}\n<\/style>\n<span  class='av_font_icon av-71jk-180f6713cd624ff956c27ff8b06d06a0 avia_animate_when_visible av-icon-style-border avia-icon-pos-center avia-icon-animate'><a href='https:\/\/associacoes.beira.pt\/cdlsantanadazinha\/documentos\/fluxo-de-caixa\/'  class='av-icon-char' aria-hidden='true' data-av_icon='\ue850' data-av_iconfont='entypo-fontello' ><\/a><span class='av_icon_caption av-special-font'>Fluxo de Caixa<\/span><\/span><\/div>\n<\/p>\n<\/div><\/div><\/div><!-- close content main div --><\/div><\/div>\n<style type=\"text\/css\" data-created_by=\"avia_inline_auto\" id=\"style-css-av-5pha-fba1f0f5715c2272db9e2b905d4e3385\">\n.avia-section.av-5pha-fba1f0f5715c2272db9e2b905d4e3385{\nbackground-color:#222222;\nbackground-image:unset;\n}\n<\/style>\n<div id='av_section_3'  class='avia-section av-5pha-fba1f0f5715c2272db9e2b905d4e3385 main_color avia-section-default avia-no-shadow  avia-builder-el-17  el_after_av_section  avia-builder-el-last  avia-bg-style-scroll container_wrap sidebar_right'  ><div class='container av-section-cont-open' ><div class='template-page content  av-content-small alpha units'><div class='post-entry post-entry-type-page post-entry-2'><div class='entry-content-wrapper clearfix'>\n\n<\/div><\/div><\/div><!-- close content main div --><\/div><\/div><div id='after_section_3'  class='main_color av_default_container_wrap container_wrap sidebar_right'  ><div class='container av-section-cont-open' ><div class='template-page content  av-content-small alpha units'><div class='post-entry post-entry-type-page post-entry-2'><div class='entry-content-wrapper clearfix'>\n","protected":false},"excerpt":{"rendered":"","protected":false},"author":3,"featured_media":0,"parent":0,"menu_order":0,"comment_status":"closed","ping_status":"closed","template":"","meta":{"_acf_changed":false,"footnotes":""},"class_list":["post-2","page","type-page","status-publish","hentry"],"acf":[],"_links":{"self":[{"href":"https:\/\/associacoes.beira.pt\/cdlsantanadazinha\/wp-json\/wp\/v2\/pages\/2","targetHints":{"allow":["GET"]}}],"collection":[{"href":"https:\/\/associacoes.beira.pt\/cdlsantanadazinha\/wp-json\/wp\/v2\/pages"}],"about":[{"href":"https:\/\/associacoes.beira.pt\/cdlsantanadazinha\/wp-json\/wp\/v2\/types\/page"}],"author":[{"embeddable":true,"href":"https:\/\/associacoes.beira.pt\/cdlsantanadazinha\/wp-json\/wp\/v2\/users\/3"}],"replies":[{"embeddable":true,"href":"https:\/\/associacoes.beira.pt\/cdlsantanadazinha\/wp-json\/wp\/v2\/comments?post=2"}],"version-history":[{"count":0,"href":"https:\/\/associacoes.beira.pt\/cdlsantanadazinha\/wp-json\/wp\/v2\/pages\/2\/revisions"}],"wp:attachment":[{"href":"https:\/\/associacoes.beira.pt\/cdlsantanadazinha\/wp-json\/wp\/v2\/media?parent=2"}],"curies":[{"name":"wp","href":"https:\/\/api.w.org\/{rel}","templated":true}]}}

Página Principal

<div id='layer_slider_1'  class='avia-layerslider main_color avia-shadow  avia-builder-el-0  el_before_av_section  avia-builder-el-first  container_wrap sidebar_right'  style='height: 511px;'  ></div>
<div id='av_section_1'  class='avia-section av-12tiw-1834b1eeffcf05a2e2c854e1eeaa4208 main_color avia-section-default avia-no-shadow  avia-builder-el-1  el_after_av_layerslider  el_before_av_one_full  avia-bg-style-scroll container_wrap sidebar_right'  ><div class='container av-section-cont-open' ><div class='template-page content  av-content-small alpha units'><div class='post-entry post-entry-type-page post-entry-2'><div class='entry-content-wrapper clearfix'>

</div></div></div><!-- close content main div --></div></div><div id='after_section_1'  class='main_color av_default_container_wrap container_wrap sidebar_right'  ><div class='container av-section-cont-open' ><div class='template-page content  av-content-small alpha units'><div class='post-entry post-entry-type-page post-entry-2'><div class='entry-content-wrapper clearfix'>
<div  class='flex_column av-yrva-4b21ae6dc1e8d265e5698adfa88c0bde av_one_full  avia-builder-el-3  el_after_av_section  el_before_av_section  avia-builder-el-no-sibling  first flex_column_div  '     ><section  class='av_textblock_section av-xh70-d175b508c3182086929366fff5bd5def '   itemscope="itemscope" itemtype="https://schema.org/CreativeWork" ><div class='avia_textblock'  itemprop="text" ><h2>Descrição Entidade</h2>
</div></section><br />
<section  class='av_textblock_section av-uzes-3db5a4d754a756312bbc9b7478a9aa5b '   itemscope="itemscope" itemtype="https://schema.org/CreativeWork" ><div class='avia_textblock'  itemprop="text" ><p style="text-align: justify">O Centro de Dia e Lar de Santa Ana de Azinha, é uma Instituição Particular de Solidariedade Social, pessoa coletiva nº 502940344 com sede em Santana da Azinha.</p>
<p style="text-align: justify">O seu objetivo inicial consistiu na criação de um Centro de Dia que permitisse dar apoio a pessoas idosas e pessoas carenciadas da Freguesia de Santana da Azinha e zonas limítrofes.</p>
<p style="text-align: justify">Atualmente, a Instituição desenvolve atividades sobretudo de apoio à terceira idade, mas também direcionadas para pessoas desfavorecidas ou em situação de isolamento social do Concelho da Guarda contando atualmente, com as Valências de ERPI, CD e SAD.</p>
</div></section></p></div></div></div></div><!-- close content main div --></div></div><div id='av_section_2'  class='avia-section av-skok-702e513c679b9cbee207010f142813d1 main_color avia-section-default avia-shadow  avia-builder-el-6  el_after_av_one_full  el_before_av_section  avia-bg-style-scroll container_wrap sidebar_right'  ><div class='container av-section-cont-open' ><div class='template-page content  av-content-small alpha units'><div class='post-entry post-entry-type-page post-entry-2'><div class='entry-content-wrapper clearfix'>
<div  class='flex_column av-q6qy-1b754647b40ab5c23c789f5de05d37d3 av_one_fifth  avia-builder-el-7  el_before_av_one_fifth  avia-builder-el-first  first flex_column_div  '     ><style type="text/css" data-created_by="avia_inline_auto" id="style-css-av-omx8-3e31667049602d721a504eb6dd5bb776">
.av_font_icon.av-omx8-3e31667049602d721a504eb6dd5bb776{
color:#6786a1;
border-color:#6786a1;
}
.av_font_icon.av-omx8-3e31667049602d721a504eb6dd5bb776 .av-icon-char{
font-size:40px;
line-height:40px;
width:40px;
}
</style>
<span  class='av_font_icon av-omx8-3e31667049602d721a504eb6dd5bb776 avia_animate_when_visible av-icon-style-border avia-icon-pos-center avia-icon-animate'><a href='https://associacoes.beira.pt/cdlsantanadazinha/quem-somos/'  class='av-icon-char' aria-hidden='true' data-av_icon='' data-av_iconfont='entypo-fontello' ></a><span class='av_icon_caption av-special-font'>Quem Somos</span></span></div><div  class='flex_column av-mb8g-59c0bfee278ce533201f5764ff1849c1 av_one_fifth  avia-builder-el-9  el_after_av_one_fifth  el_before_av_one_fifth  flex_column_div  '     ><style type="text/css" data-created_by="avia_inline_auto" id="style-css-av-k08y-64a1a87db7962b15c92a596fa9cbc507">
.av_font_icon.av-k08y-64a1a87db7962b15c92a596fa9cbc507{
color:#6786a1;
border-color:#6786a1;
}
.av_font_icon.av-k08y-64a1a87db7962b15c92a596fa9cbc507 .av-icon-char{
font-size:40px;
line-height:40px;
width:40px;
}
</style>
<span  class='av_font_icon av-k08y-64a1a87db7962b15c92a596fa9cbc507 avia_animate_when_visible av-icon-style-border avia-icon-pos-center avia-icon-animate'><a href='https://associacoes.beira.pt/cdlsantanadazinha/contactos/'  class='av-icon-char' aria-hidden='true' data-av_icon='' data-av_iconfont='entypo-fontello' ></a><span class='av_icon_caption av-special-font'>Contactos</span></span></div><div  class='flex_column av-i1mg-7c2b848ed2ded420f4894ba0018e17bb av_one_fifth  avia-builder-el-11  el_after_av_one_fifth  el_before_av_one_fifth  flex_column_div  '     ><style type="text/css" data-created_by="avia_inline_auto" id="style-css-av-1jjs-711afb4bc3c8073058345a6063723447">
.av_font_icon.av-1jjs-711afb4bc3c8073058345a6063723447{
color:#476dc6;
border-color:#476dc6;
}
.av_font_icon.av-1jjs-711afb4bc3c8073058345a6063723447 .av-icon-char{
font-size:40px;
line-height:40px;
width:40px;
}
</style>
<span  class='av_font_icon av-1jjs-711afb4bc3c8073058345a6063723447 avia_animate_when_visible av-icon-style-border avia-icon-pos-center avia-icon-animate'><a href='https://associacoes.beira.pt/cdlsantanadazinha/documentos/atas-dos-orgaos-colegiais/'  class='av-icon-char' aria-hidden='true' data-av_icon='' data-av_iconfont='entypo-fontello' ></a><span class='av_icon_caption av-special-font'>Atas</span></span></div><div  class='flex_column av-e562-4fa31dcf2d4fc8a9c8dd726c0f6fa513 av_one_fifth  avia-builder-el-13  el_after_av_one_fifth  el_before_av_one_fifth  flex_column_div  '     ><style type="text/css" data-created_by="avia_inline_auto" id="style-css-av-b196-16fdf5bbd9966f8d0aa48683b57dcad8">
.av_font_icon.av-b196-16fdf5bbd9966f8d0aa48683b57dcad8{
color:#476dc6;
border-color:#476dc6;
}
.av_font_icon.av-b196-16fdf5bbd9966f8d0aa48683b57dcad8 .av-icon-char{
font-size:40px;
line-height:40px;
width:40px;
}
</style>
<span  class='av_font_icon av-b196-16fdf5bbd9966f8d0aa48683b57dcad8 avia_animate_when_visible av-icon-style-border avia-icon-pos-center avia-icon-animate'><a href='https://associacoes.beira.pt/cdlsantanadazinha/documentos/balancos/'  class='av-icon-char' aria-hidden='true' data-av_icon='' data-av_iconfont='entypo-fontello' ></a><span class='av_icon_caption av-special-font'>Balanços</span></span></div><div  class='flex_column av-9j2w-5274ca487dbd5a62449f1876136658aa av_one_fifth  avia-builder-el-15  el_after_av_one_fifth  avia-builder-el-last  flex_column_div  '     ><style type="text/css" data-created_by="avia_inline_auto" id="style-css-av-71jk-180f6713cd624ff956c27ff8b06d06a0">
.av_font_icon.av-71jk-180f6713cd624ff956c27ff8b06d06a0{
color:#476dc6;
border-color:#476dc6;
}
.av_font_icon.av-71jk-180f6713cd624ff956c27ff8b06d06a0 .av-icon-char{
font-size:40px;
line-height:40px;
width:40px;
}
</style>
<span  class='av_font_icon av-71jk-180f6713cd624ff956c27ff8b06d06a0 avia_animate_when_visible av-icon-style-border avia-icon-pos-center avia-icon-animate'><a href='https://associacoes.beira.pt/cdlsantanadazinha/documentos/fluxo-de-caixa/'  class='av-icon-char' aria-hidden='true' data-av_icon='' data-av_iconfont='entypo-fontello' ></a><span class='av_icon_caption av-special-font'>Fluxo de Caixa</span></span></div>
</p>
</div></div></div><!-- close content main div --></div></div>
<style type="text/css" data-created_by="avia_inline_auto" id="style-css-av-5pha-fba1f0f5715c2272db9e2b905d4e3385">
.avia-section.av-5pha-fba1f0f5715c2272db9e2b905d4e3385{
background-color:#222222;
background-image:unset;
}
</style>
<div id='av_section_3'  class='avia-section av-5pha-fba1f0f5715c2272db9e2b905d4e3385 main_color avia-section-default avia-no-shadow  avia-builder-el-17  el_after_av_section  avia-builder-el-last  avia-bg-style-scroll container_wrap sidebar_right'  ><div class='container av-section-cont-open' ><div class='template-page content  av-content-small alpha units'><div class='post-entry post-entry-type-page post-entry-2'><div class='entry-content-wrapper clearfix'>

</div></div></div><!-- close content main div --></div></div><div id='after_section_3'  class='main_color av_default_container_wrap container_wrap sidebar_right'  ><div class='container av-section-cont-open' ><div class='template-page content  av-content-small alpha units'><div class='post-entry post-entry-type-page post-entry-2'><div class='entry-content-wrapper clearfix'>
