{"id":24,"date":"2015-04-20T13:20:04","date_gmt":"2015-04-20T13:20:04","guid":{"rendered":"http:\/\/associacoes.beira.pt\/amcdrsantaeufemia\/?page_id=24"},"modified":"2021-04-07T13:17:42","modified_gmt":"2021-04-07T13:17:42","slug":"quem-somos","status":"publish","type":"page","link":"https:\/\/associacoes.beira.pt\/cdlsantanadazinha\/quem-somos\/","title":{"rendered":"Quem Somos"},"content":{"rendered":"<div  class='flex_column av-1d4jc-c3d84b795b3127123e254bdc279d1e19 av_one_full  avia-builder-el-0  avia-builder-el-no-sibling  first flex_column_div  '     ><section  class='av_textblock_section av-v7mo-7682604a55f93d82736e4857753db66d '   itemscope=\"itemscope\" itemtype=\"https:\/\/schema.org\/CreativeWork\" ><div class='avia_textblock'  itemprop=\"text\" ><p><b>Descri\u00e7\u00e3o Entidade: <\/b><\/p>\n<p style=\"text-align: justify\"><strong>O Centro de Dia e Lar de Santa Ana de Azinha, \u00e9 uma Institui\u00e7\u00e3o Particular de Solidariedade Social, pessoa coletiva n\u00ba<\/strong> <strong>502940344<\/strong> com sede em Santana da Azinha, devidamente registada na Dire\u00e7\u00e3o-Geral da Seguran\u00e7a Social, sob a inscri\u00e7\u00e3o n\u00ba 60\/83, as folhas 140, no livro n\u00ba 5 das Associa\u00e7\u00f5es de Solidariedade Social e criada por escritura p\u00fablica em 7 de julho de 1992 (Di\u00e1rio da Rep\u00fablica n\u00ba 283 9-12-1992) III S\u00e9rie.<\/p>\n<p style=\"text-align: justify\">O seu objetivo inicial consistiu na cria\u00e7\u00e3o de um Centro de Dia que permitisse dar apoio a pessoas idosas e pessoas carenciadas da Freguesia de Santana da Azinha e zonas lim\u00edtrofes.<\/p>\n<p style=\"text-align: justify\">Atualmente, a Institui\u00e7\u00e3o desenvolve atividades sobretudo de apoio \u00e0 terceira idade, mas tamb\u00e9m direcionadas para pessoas desfavorecidas ou em situa\u00e7\u00e3o de isolamento social do Concelho da Guarda contando atualmente, com as <strong>Val\u00eancias de ERPI, CD e SAD.<\/strong><\/p>\n<p style=\"text-align: justify\"><strong>Temos como objetivo di\u00e1rio a melhoria dos nossos servi\u00e7os<\/strong> tornando-se imperativo que todos os profissionais tenham uma vis\u00e3o aprofundada da Institui\u00e7\u00e3o estabelecendo metas e objetivos de forma a alcan\u00e7ar a satisfa\u00e7\u00e3o do cliente.<\/p>\n<p style=\"text-align: justify\">Neste contexto, capacitamo-nos para agir, assumindo-nos como eternos aprendizes porque se fizermos sempre o que j\u00e1 sabemos, nunca aprenderemos algo de novo.<\/p>\n<p style=\"text-align: justify\">Fazemos por reconhecer as nossas fragilidades para as transformar num elemento de for\u00e7a e pensamos, que n\u00e3o poderemos atingir um novo objetivo se aplicarmos o mesmo n\u00edvel de pensamento que nos trouxe at\u00e9 onde estamos hoje.<\/p>\n<p style=\"text-align: justify\">Estamos conscientes que uma vis\u00e3o com a\u00e7\u00e3o, pode transformar uma Institui\u00e7\u00e3o tornando-a uma refer\u00eancia para a sociedade.<\/p>\n<p style=\"text-align: justify\">Assim, temos como lema, caminhar paulatinamente, persuadimos sem impor, opinamos sem mandar porque estamos conscientes que a confian\u00e7a e o respeito, n\u00e3o se compram nem se vendem \u2013 <strong>CONQUISTAM-SE!<\/strong><\/p>\n<p style=\"text-align: justify\"><strong>Tentamos ser aut\u00eanticos e estar em sintonia com n\u00f3s pr\u00f3prios, com o mundo e com as pessoas porque sempre que se atinge um objetivo, existe uma hist\u00f3ria para contar&#8230;<\/strong><\/p>\n<\/div><\/section><\/div>\n","protected":false},"excerpt":{"rendered":"","protected":false},"author":3,"featured_media":0,"parent":0,"menu_order":0,"comment_status":"closed","ping_status":"closed","template":"","meta":{"_acf_changed":false,"footnotes":""},"class_list":["post-24","page","type-page","status-publish","hentry"],"acf":[],"_links":{"self":[{"href":"https:\/\/associacoes.beira.pt\/cdlsantanadazinha\/wp-json\/wp\/v2\/pages\/24","targetHints":{"allow":["GET"]}}],"collection":[{"href":"https:\/\/associacoes.beira.pt\/cdlsantanadazinha\/wp-json\/wp\/v2\/pages"}],"about":[{"href":"https:\/\/associacoes.beira.pt\/cdlsantanadazinha\/wp-json\/wp\/v2\/types\/page"}],"author":[{"embeddable":true,"href":"https:\/\/associacoes.beira.pt\/cdlsantanadazinha\/wp-json\/wp\/v2\/users\/3"}],"replies":[{"embeddable":true,"href":"https:\/\/associacoes.beira.pt\/cdlsantanadazinha\/wp-json\/wp\/v2\/comments?post=24"}],"version-history":[{"count":0,"href":"https:\/\/associacoes.beira.pt\/cdlsantanadazinha\/wp-json\/wp\/v2\/pages\/24\/revisions"}],"wp:attachment":[{"href":"https:\/\/associacoes.beira.pt\/cdlsantanadazinha\/wp-json\/wp\/v2\/media?parent=24"}],"curies":[{"name":"wp","href":"https:\/\/api.w.org\/{rel}","templated":true}]}}