{"id":2,"date":"2015-04-20T10:03:11","date_gmt":"2015-04-20T10:03:11","guid":{"rendered":"http:\/\/associacoes.beira.pt\/amcdrsantaeufemia\/?page_id=2"},"modified":"2020-02-14T15:15:13","modified_gmt":"2020-02-14T15:15:13","slug":"pagina-exemplo","status":"publish","type":"page","link":"https:\/\/associacoes.beira.pt\/csssandre\/","title":{"rendered":"P\u00e1gina Principal"},"content":{"rendered":"\n<style type=\"text\/css\" data-created_by=\"avia_inline_auto\" id=\"style-css-av-k6m2srl7-bd45224d97e04b4077ed82a51f1dea8a\">\n\n@media only screen and (min-width: 480px) and (max-width: 767px){ \n#top #wrap_all .avia-slideshow .av-slideshow-caption.av-k6m2srl7-bd45224d97e04b4077ed82a51f1dea8a__0 .avia-caption-title{\nfont-size:18px;\n}\n}\n\n@media only screen and (max-width: 479px){ \n#top #wrap_all .avia-slideshow .av-slideshow-caption.av-k6m2srl7-bd45224d97e04b4077ed82a51f1dea8a__0 .avia-caption-title{\nfont-size:16px;\n}\n}\n<\/style>\n<div  class='avia-slideshow av-k6m2srl7-bd45224d97e04b4077ed82a51f1dea8a avia-slideshow-featured_large av_slideshow avia-slide-slider  avia-builder-el-0  el_before_av_one_full  avia-builder-el-first  av-slideshow-ui av-control-default av-slideshow-manual av-loop-once av-loop-manual-endless av-default-height-applied avia-slideshow-1' data-slideshow-options=\"{&quot;animation&quot;:&quot;slide&quot;,&quot;autoplay&quot;:false,&quot;loop_autoplay&quot;:&quot;once&quot;,&quot;interval&quot;:5,&quot;loop_manual&quot;:&quot;manual-endless&quot;,&quot;autoplay_stopper&quot;:false,&quot;noNavigation&quot;:false,&quot;bg_slider&quot;:false,&quot;keep_padding&quot;:false,&quot;hoverpause&quot;:false,&quot;show_slide_delay&quot;:0}\"  itemprop=\"image\" itemscope=\"itemscope\" itemtype=\"https:\/\/schema.org\/ImageObject\" ><ul class='avia-slideshow-inner ' style='padding-bottom: 42%;'><li  class='avia-slideshow-slide av-k6m2srl7-bd45224d97e04b4077ed82a51f1dea8a__0  av-single-slide slide-1 slide-odd'><div data-rel='slideshow-1' class='avia-slide-wrap '   ><div class='av-slideshow-caption av-k6m2srl7-bd45224d97e04b4077ed82a51f1dea8a__0 avia-caption'><div class=\"avia-inner-caption\"><h2 class='avia-caption-title '  itemprop=\"name\" >Centro de Solidariedade Social de Santo Andr\u00e9<\/h2><\/div><\/div><img class=\"wp-image-400 avia-img-lazy-loading-not-400\"  src='https:\/\/associacoes.beira.pt\/csssandre\/wp-content\/uploads\/sites\/22\/2020\/02\/foto-centro-social-santo-andre-1500x630.jpg' width='1500' height='630' title='foto_centro_social_santo_andre' alt=''  itemprop=\"thumbnailUrl\"   \/><\/div><\/li><\/ul><\/div>\n\n<style type=\"text\/css\" data-created_by=\"avia_inline_auto\" id=\"style-css-av-12ujk-1c48c27ba5c01fcaa28a0a9282f575d5\">\n.flex_column.av-12ujk-1c48c27ba5c01fcaa28a0a9282f575d5{\n-webkit-border-radius:0px 0px 0px 0px;\n-moz-border-radius:0px 0px 0px 0px;\nborder-radius:0px 0px 0px 0px;\npadding:0px 0px 0px 0px;\n}\n<\/style>\n<div  class='flex_column av-12ujk-1c48c27ba5c01fcaa28a0a9282f575d5 av_one_full  avia-builder-el-1  el_after_av_slideshow  el_before_av_section  avia-builder-el-last  first flex_column_div av-zero-column-padding  '     ><\/div>\n<\/div><\/div><\/div><!-- close content main div --><\/div><\/div>\n<style type=\"text\/css\" data-created_by=\"avia_inline_auto\" id=\"style-css-av-10cea-61e0c147466b10150d5752d055091c3e\">\n.avia-section.av-10cea-61e0c147466b10150d5752d055091c3e{\nbackground-color:#f6f6f6;\nbackground-image:unset;\n}\n<\/style>\n<div id='av_section_1'  class='avia-section av-10cea-61e0c147466b10150d5752d055091c3e main_color avia-section-large avia-no-border-styling  avia-builder-el-3  el_after_av_one_full  el_before_av_section  avia-bg-style-scroll container_wrap sidebar_right'  ><div class='container av-section-cont-open' ><div class='template-page content  av-content-small alpha units'><div class='post-entry post-entry-type-page post-entry-2'><div class='entry-content-wrapper clearfix'>\n<section  class='av_textblock_section av-xjqo-3f0895e118e7c2349dfe9f5aa1c1b402 '   itemscope=\"itemscope\" itemtype=\"https:\/\/schema.org\/CreativeWork\" ><div class='avia_textblock'  itemprop=\"text\" ><h2>Breve Historial da Associa\u00e7\u00e3o<\/h2>\n<\/div><\/section>\n<section  class='av_textblock_section av-vh5o-8c3755957424e1a180e56fbbafda809b '   itemscope=\"itemscope\" itemtype=\"https:\/\/schema.org\/CreativeWork\" ><div class='avia_textblock'  itemprop=\"text\" ><p>O Centro de Solidariedade Social de St\u00ba Andr\u00e9 &#8211; C\u00f3timos, \u00e9 uma institui\u00e7\u00e3o particular de solidariedade social, sob a forma de associa\u00e7\u00e3o, sem fins lucrativos, regida pelas disposi\u00e7\u00f5es da lei aplic\u00e1vel e, em especial, pelos presentes estatutos.<\/p>\n<p style=\"text-align: right\"><a href=\"https:\/\/associacoes.beira.pt\/csssandre\/quem-somos\/\">Mais informa\u00e7\u00e3o &gt;&gt;<\/a><\/p>\n<\/div><\/section>\n\n<\/div><\/div><\/div><!-- close content main div --><\/div><\/div>\n<style type=\"text\/css\" data-created_by=\"avia_inline_auto\" id=\"style-css-av-sa7m-eb235a45b10cd5b005823efad997bde1\">\n.avia-section.av-sa7m-eb235a45b10cd5b005823efad997bde1{\nbackground-color:#007cef;\nbackground-image:unset;\n}\n<\/style>\n<div id='av_section_2'  class='avia-section av-sa7m-eb235a45b10cd5b005823efad997bde1 main_color avia-section-large avia-shadow  avia-builder-el-6  el_after_av_section  el_before_av_section  avia-bg-style-scroll container_wrap sidebar_right'  ><div class='container av-section-cont-open' ><div class='template-page content  av-content-small alpha units'><div class='post-entry post-entry-type-page post-entry-2'><div class='entry-content-wrapper clearfix'>\n<div class='flex_column_table av-qfq0-3c54042289a750e350719c60c33cb1b9 sc-av_one_third av-equal-height-column-flextable'>\n<style type=\"text\/css\" data-created_by=\"avia_inline_auto\" id=\"style-css-av-qfq0-3c54042289a750e350719c60c33cb1b9\">\n.flex_column.av-qfq0-3c54042289a750e350719c60c33cb1b9{\n-webkit-border-radius:0px 0px 0px 0px;\n-moz-border-radius:0px 0px 0px 0px;\nborder-radius:0px 0px 0px 0px;\npadding:0px 0px 0px 0px;\n}\n<\/style>\n<div  class='flex_column av-qfq0-3c54042289a750e350719c60c33cb1b9 av_one_third  avia-builder-el-7  el_before_av_one_third  avia-builder-el-first  first flex_column_table_cell av-equal-height-column av-align-middle av-zero-column-padding  '     ><style type=\"text\/css\" data-created_by=\"avia_inline_auto\" id=\"style-css-av-pdke-f0643d0f43a8f5c651adcb638ea25490\">\n.av_font_icon.av-pdke-f0643d0f43a8f5c651adcb638ea25490{\ncolor:#ffffff;\nborder-color:#ffffff;\n}\n.av_font_icon.av-pdke-f0643d0f43a8f5c651adcb638ea25490 .av-icon-char{\nfont-size:40px;\nline-height:40px;\nwidth:40px;\n}\n<\/style>\n<span  class='av_font_icon av-pdke-f0643d0f43a8f5c651adcb638ea25490 avia_animate_when_visible av-icon-style-border avia-icon-pos-center avia-icon-animate'><a href='https:\/\/associacoes.beira.pt\/csssandre\/quem-somos\/'  class='av-icon-char' aria-hidden='true' data-av_icon='\ue840' data-av_iconfont='entypo-fontello' ><\/a><span class='av_icon_caption av-special-font'>Quem Somos<\/span><\/span><\/div><div class='av-flex-placeholder'><\/div>\n<style type=\"text\/css\" data-created_by=\"avia_inline_auto\" id=\"style-css-av-m4w4-7def41ba616e2841672dc27e384e9e2b\">\n.flex_column.av-m4w4-7def41ba616e2841672dc27e384e9e2b{\n-webkit-border-radius:0px 0px 0px 0px;\n-moz-border-radius:0px 0px 0px 0px;\nborder-radius:0px 0px 0px 0px;\npadding:0px 0px 0px 0px;\n}\n<\/style>\n<div  class='flex_column av-m4w4-7def41ba616e2841672dc27e384e9e2b av_one_third  avia-builder-el-9  el_after_av_one_third  el_before_av_one_third  flex_column_table_cell av-equal-height-column av-align-middle av-zero-column-padding  '     ><style type=\"text\/css\" data-created_by=\"avia_inline_auto\" id=\"style-css-av-jp26-b4bb2bae7a6428579aa113fed2208530\">\n.av_font_icon.av-jp26-b4bb2bae7a6428579aa113fed2208530{\ncolor:#ffffff;\nborder-color:#ffffff;\n}\n.av_font_icon.av-jp26-b4bb2bae7a6428579aa113fed2208530 .av-icon-char{\nfont-size:40px;\nline-height:40px;\nwidth:40px;\n}\n<\/style>\n<span  class='av_font_icon av-jp26-b4bb2bae7a6428579aa113fed2208530 avia_animate_when_visible av-icon-style-border avia-icon-pos-center avia-icon-animate'><a href='https:\/\/associacoes.beira.pt\/csssandre\/contactos\/'  class='av-icon-char' aria-hidden='true' data-av_icon='\ue854' data-av_iconfont='entypo-fontello' ><\/a><span class='av_icon_caption av-special-font'>Contactos<\/span><\/span><\/div><div class='av-flex-placeholder'><\/div>\n<style type=\"text\/css\" data-created_by=\"avia_inline_auto\" id=\"style-css-av-e0ui-43e0e1b114788a846240fa04b8baad6e\">\n.flex_column.av-e0ui-43e0e1b114788a846240fa04b8baad6e{\n-webkit-border-radius:0px 0px 0px 0px;\n-moz-border-radius:0px 0px 0px 0px;\nborder-radius:0px 0px 0px 0px;\npadding:0px 0px 0px 0px;\n}\n<\/style>\n<div  class='flex_column av-e0ui-43e0e1b114788a846240fa04b8baad6e av_one_third  avia-builder-el-11  el_after_av_one_third  avia-builder-el-last  flex_column_table_cell av-equal-height-column av-align-middle av-zero-column-padding  '     ><style type=\"text\/css\" data-created_by=\"avia_inline_auto\" id=\"style-css-av-cht4-ad8fe7686175f9faccde565c88c4bb7c\">\n.av_font_icon.av-cht4-ad8fe7686175f9faccde565c88c4bb7c{\ncolor:#ffffff;\nborder-color:#ffffff;\n}\n.av_font_icon.av-cht4-ad8fe7686175f9faccde565c88c4bb7c .av-icon-char{\nfont-size:40px;\nline-height:40px;\nwidth:40px;\n}\n<\/style>\n<span  class='av_font_icon av-cht4-ad8fe7686175f9faccde565c88c4bb7c avia_animate_when_visible av-icon-style-border avia-icon-pos-center avia-icon-animate'><a href='https:\/\/associacoes.beira.pt\/csssandre\/wp-content\/uploads\/sites\/22\/2020\/02\/cotimos-1.pdf'  target=\"_blank\"  rel=\"noopener noreferrer\" class='av-icon-char' aria-hidden='true' data-av_icon='\ue84c' data-av_iconfont='entypo-fontello' ><\/a><span class='av_icon_caption av-special-font'>Estatutos<\/span><\/span><\/div><\/div><!--close column table wrapper. Autoclose: 1 -->\n\n<\/div><\/div><\/div><!-- close content main div --><\/div><\/div>\n<style type=\"text\/css\" data-created_by=\"avia_inline_auto\" id=\"style-css-av-55wk-f0a820ccfa7813806aa56beca57c3c15\">\n.avia-section.av-55wk-f0a820ccfa7813806aa56beca57c3c15{\nbackground-color:#222222;\nbackground-image:unset;\n}\n<\/style>\n<div id='av_section_3'  class='avia-section av-55wk-f0a820ccfa7813806aa56beca57c3c15 main_color avia-section-default avia-no-shadow  avia-builder-el-13  el_after_av_section  avia-builder-el-last  avia-bg-style-scroll container_wrap sidebar_right'  ><div class='container av-section-cont-open' ><div class='template-page content  av-content-small alpha units'><div class='post-entry post-entry-type-page post-entry-2'><div class='entry-content-wrapper clearfix'>\n\n<\/div><\/div><\/div><!-- close content main div --><\/div><\/div><div id='after_section_3'  class='main_color av_default_container_wrap container_wrap sidebar_right'  ><div class='container av-section-cont-open' ><div class='template-page content  av-content-small alpha units'><div class='post-entry post-entry-type-page post-entry-2'><div class='entry-content-wrapper clearfix'>\n","protected":false},"excerpt":{"rendered":"","protected":false},"author":3,"featured_media":0,"parent":0,"menu_order":0,"comment_status":"closed","ping_status":"closed","template":"","meta":{"_acf_changed":false,"footnotes":""},"class_list":["post-2","page","type-page","status-publish","hentry"],"acf":[],"_links":{"self":[{"href":"https:\/\/associacoes.beira.pt\/csssandre\/wp-json\/wp\/v2\/pages\/2","targetHints":{"allow":["GET"]}}],"collection":[{"href":"https:\/\/associacoes.beira.pt\/csssandre\/wp-json\/wp\/v2\/pages"}],"about":[{"href":"https:\/\/associacoes.beira.pt\/csssandre\/wp-json\/wp\/v2\/types\/page"}],"author":[{"embeddable":true,"href":"https:\/\/associacoes.beira.pt\/csssandre\/wp-json\/wp\/v2\/users\/3"}],"replies":[{"embeddable":true,"href":"https:\/\/associacoes.beira.pt\/csssandre\/wp-json\/wp\/v2\/comments?post=2"}],"version-history":[{"count":0,"href":"https:\/\/associacoes.beira.pt\/csssandre\/wp-json\/wp\/v2\/pages\/2\/revisions"}],"wp:attachment":[{"href":"https:\/\/associacoes.beira.pt\/csssandre\/wp-json\/wp\/v2\/media?parent=2"}],"curies":[{"name":"wp","href":"https:\/\/api.w.org\/{rel}","templated":true}]}}