{"id":24,"date":"2015-04-20T13:20:04","date_gmt":"2015-04-20T13:20:04","guid":{"rendered":"http:\/\/associacoes.beira.pt\/amcdrsantaeufemia\/?page_id=24"},"modified":"2020-02-14T11:59:34","modified_gmt":"2020-02-14T11:59:34","slug":"quem-somos","status":"publish","type":"page","link":"https:\/\/associacoes.beira.pt\/csssandre\/quem-somos\/","title":{"rendered":"Quem Somos"},"content":{"rendered":"<div  class='flex_column av-1vrlo-75ae2af8472bdf5b2e1e96365bea49c4 av_one_full  avia-builder-el-0  avia-builder-el-no-sibling  first flex_column_div  '     ><p>\n<style type=\"text\/css\" data-created_by=\"avia_inline_auto\" id=\"style-css-av-av_heading-d795d60c32d3c72fa91e78349bb6d512\">\n#top .av-special-heading.av-av_heading-d795d60c32d3c72fa91e78349bb6d512{\npadding-bottom:10px;\n}\nbody .av-special-heading.av-av_heading-d795d60c32d3c72fa91e78349bb6d512 .av-special-heading-tag .heading-char{\nfont-size:25px;\n}\n.av-special-heading.av-av_heading-d795d60c32d3c72fa91e78349bb6d512 .av-subheading{\nfont-size:15px;\n}\n<\/style>\n<div  class='av-special-heading av-av_heading-d795d60c32d3c72fa91e78349bb6d512 av-special-heading-h2  avia-builder-el-1  el_before_av_textblock  avia-builder-el-first '><h2 class='av-special-heading-tag'  itemprop=\"headline\"  >Breve Historial da Associa\u00e7\u00e3o<\/h2><div class=\"special-heading-border\"><div class=\"special-heading-inner-border\"><\/div><\/div><\/div><br \/>\n<section  class='av_textblock_section av-atk-cc63ea211b49a9d87aa1695e92a366c4 '   itemscope=\"itemscope\" itemtype=\"https:\/\/schema.org\/CreativeWork\" ><div class='avia_textblock'  itemprop=\"text\" ><p style=\"text-align: justify\">A Associa\u00e7\u00e3o tem a sua sede na Av\u00aa do Emigrante s\/n, freguesia de C\u00f3timos, concelho de Trancoso, distrito da Guarda e o seu \u00e2mbito de a\u00e7\u00e3o abrange a sede da freguesia de C\u00f3timos, a anexa A dos Ferreiros e as freguesias lim\u00edtrofes que o solicitem e tem por fins principais a solidariedade social, a cultura e o desporto.<\/p>\n<p><strong>Objetivos<\/strong><\/p>\n<p>A Associa\u00e7\u00e3o tem como objetivos principais:<\/p>\n<ul>\n<li>A solidariedade social, dinamizando equipamentos de apoio ao idoso, \u00e0 inf\u00e2ncia e juventude, \u00e0 defici\u00eancia e \u00e0 comunidade desfavorecida socialmente.<\/li>\n<\/ul>\n<p>Secundariamente, a associa\u00e7\u00e3o prop\u00f5e-se a desenvolver os seguintes objetivos:<\/p>\n<ul>\n<li>Desportivos<\/li>\n<li>Culturais, Recreativos<\/li>\n<\/ul>\n<\/div><\/section><\/p><\/div>\n","protected":false},"excerpt":{"rendered":"","protected":false},"author":3,"featured_media":0,"parent":0,"menu_order":0,"comment_status":"closed","ping_status":"closed","template":"","meta":{"_acf_changed":false,"footnotes":""},"class_list":["post-24","page","type-page","status-publish","hentry"],"acf":[],"_links":{"self":[{"href":"https:\/\/associacoes.beira.pt\/csssandre\/wp-json\/wp\/v2\/pages\/24","targetHints":{"allow":["GET"]}}],"collection":[{"href":"https:\/\/associacoes.beira.pt\/csssandre\/wp-json\/wp\/v2\/pages"}],"about":[{"href":"https:\/\/associacoes.beira.pt\/csssandre\/wp-json\/wp\/v2\/types\/page"}],"author":[{"embeddable":true,"href":"https:\/\/associacoes.beira.pt\/csssandre\/wp-json\/wp\/v2\/users\/3"}],"replies":[{"embeddable":true,"href":"https:\/\/associacoes.beira.pt\/csssandre\/wp-json\/wp\/v2\/comments?post=24"}],"version-history":[{"count":0,"href":"https:\/\/associacoes.beira.pt\/csssandre\/wp-json\/wp\/v2\/pages\/24\/revisions"}],"wp:attachment":[{"href":"https:\/\/associacoes.beira.pt\/csssandre\/wp-json\/wp\/v2\/media?parent=24"}],"curies":[{"name":"wp","href":"https:\/\/api.w.org\/{rel}","templated":true}]}}